{"version":"1.0","provider_name":"Lamello","provider_url":"https:\/\/www.lamello.hu\/de\/","author_name":"admin","author_url":"https:\/\/www.lamello.hu\/de\/author\/admin\/","title":"Herbsttrends in der Innenarchitektur: die Dominanz von Nussbaum - Lamello","type":"rich","width":600,"height":338,"html":"<blockquote class=\"wp-embedded-content\" data-secret=\"vRkTvTTjcs\"><a href=\"https:\/\/www.lamello.hu\/de\/herbsttrends-in-der-innenarchitektur-die-dominanz-von-nussbaum\/\">Herbsttrends in der Innenarchitektur: die Dominanz von Nussbaum<\/a><\/blockquote><iframe sandbox=\"allow-scripts\" security=\"restricted\" src=\"https:\/\/www.lamello.hu\/de\/herbsttrends-in-der-innenarchitektur-die-dominanz-von-nussbaum\/embed\/#?secret=vRkTvTTjcs\" width=\"600\" height=\"338\" title=\"&#8222;Herbsttrends in der Innenarchitektur: die Dominanz von Nussbaum&#8220; &#8211; Lamello\" data-secret=\"vRkTvTTjcs\" frameborder=\"0\" marginwidth=\"0\" marginheight=\"0\" scrolling=\"no\" class=\"wp-embedded-content\"><\/iframe><script type=\"text\/javascript\">\n\/* <![CDATA[ *\/\n\/*! This file is auto-generated *\/\n!function(d,l){\"use strict\";l.querySelector&&d.addEventListener&&\"undefined\"!=typeof URL&&(d.wp=d.wp||{},d.wp.receiveEmbedMessage||(d.wp.receiveEmbedMessage=function(e){var t=e.data;if((t||t.secret||t.message||t.value)&&!\/[^a-zA-Z0-9]\/.test(t.secret)){for(var s,r,n,a=l.querySelectorAll('iframe[data-secret=\"'+t.secret+'\"]'),o=l.querySelectorAll('blockquote[data-secret=\"'+t.secret+'\"]'),c=new RegExp(\"^https?:$\",\"i\"),i=0;i<o.length;i++)o[i].style.display=\"none\";for(i=0;i<a.length;i++)s=a[i],e.source===s.contentWindow&&(s.removeAttribute(\"style\"),\"height\"===t.message?(1e3<(r=parseInt(t.value,10))?r=1e3:~~r<200&&(r=200),s.height=r):\"link\"===t.message&&(r=new URL(s.getAttribute(\"src\")),n=new URL(t.value),c.test(n.protocol))&&n.host===r.host&&l.activeElement===s&&(d.top.location.href=t.value))}},d.addEventListener(\"message\",d.wp.receiveEmbedMessage,!1),l.addEventListener(\"DOMContentLoaded\",function(){for(var e,t,s=l.querySelectorAll(\"iframe.wp-embedded-content\"),r=0;r<s.length;r++)(t=(e=s[r]).getAttribute(\"data-secret\"))||(t=Math.random().toString(36).substring(2,12),e.src+=\"#?secret=\"+t,e.setAttribute(\"data-secret\",t)),e.contentWindow.postMessage({message:\"ready\",secret:t},\"*\")},!1)))}(window,document);\n\/\/# sourceURL=https:\/\/www.lamello.hu\/wp-includes\/js\/wp-embed.min.js\n\/* ]]> *\/\n<\/script>\n","thumbnail_url":"https:\/\/www.lamello.hu\/wp-content\/uploads\/2025\/08\/Terso_fk_Speisen01_10_P-1.jpg","thumbnail_width":1920,"thumbnail_height":1579,"description":"Wie in jedem Herbst sind auch in diesem Jahr erdige, fast schon immergr\u00fcne Farben auf dem Vormarsch, wobei neben Beige, Drape und Creme zunehmend dunklere Braunt\u00f6ne dominieren. M\u00f6bel aus Nussbaum passen perfekt in diese tolle Kombination und sind nicht nur modisch und sch\u00f6n, sondern auch von hervorragender Qualit\u00e4t. Nussbaum ist in ganz Europa ein klassisches [&hellip;]"}

Wie in jedem Herbst sind auch in diesem Jahr erdige, fast schon immergrüne Farben auf dem Vormarsch, wobei neben Beige, Drape und Creme zunehmend dunklere Brauntöne dominieren. Möbel aus Nussbaum passen perfekt in diese tolle Kombination und sind nicht nur modisch und schön, sondern auch von hervorragender Qualität. Nussbaum ist in ganz Europa ein klassisches [&hellip;]
